 + -1
-3
What is -11 - (12 + -23 - -7)?
-7
What is (4 - 13) + 4 + 1 - -3?
-1
Calculate -3 + (-3 - (-7 - 2)).
3
(5 + -5 + -4 - 1) + 4
-1
What is (2 - (-4 + 3)) + (4 - 3)?
4
Evaluate 2 - (2 + -4 + 5).
-1
What is 7 - (-1 + 7 + 7)?
-6
Evaluate -9 + 3 + -22 + 24.
-4
Calculate -3 + (-4 - -6 - -4).
3
Evaluate -2 + -1 - (2 + 4 + -8).
-1
What is the value of -15 + 29 + -9 - (-1 - -1)?
5
Calculate 3 - (0 + 4 + 0).
-1
What is the value of -11 + -14 + 12 + 6?
-7
What is (-1 - -1) + (-17 - -13)?
-4
What is the value of -4 - -1 - (6 + -4 + 2)?
-7
What is the value of (79 - 86) + 11 + 1?
5
What is the value of -8 - -3 - (-9 - -6 - -3)?
-5
1 - ((-4 - 3) + 4) - 5
-1
What is the value of 0 + -1 + -2 + (2 - 2)?
-3
Evaluate -2 + (26 + -21 - (1 + 2)).
0
What is -7 + 17 - 9 - -5?
6
What is the value of -6 - -2 - (11 - 12)?
-3
Calculate 6 + (1 - 7) + (4 - 1).
3
What is 10 + -24 - (1 - 11)?
-4
What is the value of -7 + (7 - (6 + -1))?
-5
What is 17 + (-12 - -11 - 7)?
9
What is 15 - 9 - (1 + 5 + -9)?
9
Evaluate -4 + 0 + 6 - (0 + -8).
10
What is the value of -3 - 0 - -8 - 8?
-3
Calculate 1 - (4 + 0 + -6 + 6).
-3
What is (-15 + 2 - -4) + 6?
-3
Calculate 72 - 76 - (1 - -1).
-6
What is 5 + 0 + (-2 - (-1 + 0))?
4
Evaluate -5 + (-1 - (-5 + 0) - -8).
7
Calculate (-1 - (-16 + 7)) + -10.
-2
What is the value of (0 - 0) + 19 + -14?
5
What is the value of (1 - (-5 + 8)) + -2?
-4
Calculate 1 - (-1 + (-2 - -4)).
0
What is -1 - (5 - -6) - -6?
-6
Calculate -6 + (-3 - -5) + -9 + 7.
-6
(8 - 0) + (4 + 7 - 14)
5
(-2 - -2) + 1 + -4 - -6
3
Calculate (17 + -9 - 10) + -1 + 7.
4
Evaluate (-4 - 1) + 44 + -33.
6
What is -4 - ((-5 - (4 + -1)) + 3)?
1
Calculate 34 - 27 - (3 + -4).
8
What is 0 + -1 + (-1 - 4) + 2?
-4
12 + -15 - (-5 - 0)
2
What is the value of (-7 - -4) + (2 - -1)?
0
What is the value of 11 + -7 + 4 + -8 - -2?
2
Evaluate (-12 - (-7 + 2)) + -1 + 4.
-4
What is the value of 7 - (6 + 5 + -1)?
-3
9 + (-3 - 1) + (-6 - -5)
4
0 + -2 + (3 - 0) + 0
1
6 + -2 + -1 + -6
-3
Evaluate -7 + (7 - (-10 - -6)).
4
Evaluate -1 + 9 + (3 - 0 - 8).
3
What is the value of 2 - (2 + -1 - (-12 - -15))?
4
What is the value of 4 - 0 - 3 - 7?
-6
Calculate -3 + (-10 + 3 - -5).
-5
What is the value of 6 + -10 + 4 + 0?
0
What is -9 + 1 - -13 - -1?
6
What is 0 + 2 - (1 + -1 - -4)?
-2
Calculate (-11 - -7) + 5 - 0.
1
Evaluate 4 + 0 + -2 - (1 + -2).
3
Calculate -1 + 4 + (4 - (11 + -2)).
-2
Evaluate 3 - 0 - 6 - 1 - 0.
-4
Calculate 3 - (3 + 2 - 5 - -3).
0
What is (0 + -1 - (1 - 0)) + 0?
-2
Evaluate (-8 - (0 - -4)) + 7 - -4.
-1
What is the value of 0 + (6 - 3) - (0 - 0)?
3
Calculate -2 + (-3 + -2 - -4 - -4).
1
What is -1 + 1 + 1 - (2 + 4)?
-5
Calculate 4 - (0 - (-1 - 2)).
1
What is 5 - 1 - 0 - (9 + -8)?
3
What is (-2 - -4) + -1 - (3 + -1)?
-1
What is the value of 5 + (-3 + 0 - (1 + -3))?
4
11 + 0 - 2 - (3 + 3)
3
Calculate 0 + (2 - 2) - 0.
0
What is the value of 1 + (-1 - -5) - 4 - -1?
2
What is -3 - (2 + (-4 - (-4 - 0)))?
-5
What is the value of 1 + -1 + 0 + (46 - 47)?
-1
What is the value of -2 + -1 + 11 + -1 + -4?
3
What is 7 - (13 - 1) - (2 + -11)?
4
What is (-1 - -2 - 1 - 4) + 5?
1
What is -1 + 4 + -7 - -1?
-3
Evaluate 1 + 0 - (10 + -24 + 16).
-1
Evaluate 8 + -7 - -4 - 4.
1
What is 5 + -2 + (-6 - (-1 + -1))?
-1
What is the value of 2 + -4 + -2 + 8 + 1?
5
What is the value of -9 - (-6 + (4 + -5 - -2))?
-4
Evaluate 4 + -3 - (0 + -1).
2
What is the value of 3 + -2 + -1 + -8?
-8
(-7 + -1 - (-2 + -2)) + -2
-6
3 + -3 - (-2 - (-7 + 5))
0
Evaluate 7 + (-6 - (1 + -5)).
5
Calculate 3 + 3 + (5 - 2 - 9).
0
Evaluate 10 + 9 + -12 + -3.
4
3 + (5 - 3) + -5
0
Evaluate 10 + -8 - -5 - 0.
7
What is 5 + 2 - 8 - (3 - -3)?
-7
4 - (3 + -7 + 4)
4
What is -2 - -11 - (8 - (2 + 0))?
3
Evaluate 3 - (-4 + 10) - -7.
4
What is 1 + -10 - (49 + -55)?
-3
What is 4 - (11 - 8) - 5?
-4
-7 + -4 + 6 - 0 - -9
4
(6 - 9 - (2 - 1)) + 9
5
What is 0 - -7 - (-5 + 5)?
7
What is -13 + (8 - 2) + 5?
-2
6 + 0 + (-1 - -1) + -2
4
What is the value of (-3 - -2) + 12 + -4?
7
Calculate (4 + -8 - 3) + 3.
-4
Calculate -9 + 1 - (5 + (-5 - 2)).
-6
Calculate -4 - (2 + (-5 - -2)).
-3
6 + -17 + 5 + (2 - -6)
2
What is 4 + (-8 + 2 + 7 - 8)?
-3
What is the value of (-148 - -139) + (3 - 0)?
-6
What is 3 - (0 + (7 - 7))?
3
Evaluate (-2 + 1 + 1 - -3) + -1.
2
-27 + 27 + 1 + -7
-6
Calculate 13 + (-14 - (1 + -13)).
11
What is 19 + -1 + -4 - 8?
6
Evaluate -1 + -2 - (-48 - -41).
4
What is 3 + 11 + -4 - 7?
3
What is the value of -2 - (3 + -6 + 0 + 0)?
1
Evaluate -3 - (0 + 1) - (5 + -12).
3
Calculate (-15 - -13) + -1 + 4 + -3.
-2
Calculate 0 + 8 - 8 - (-3 - 1).
4
Evaluate (-9 + -5 - -4) + 7.
-3
Calculate -4 + -1 + 1 - (24 - 27).
-1
What is 3 - 4 - 2 - 3 - -12?
6
What is the value of 13 + -8 - (2 - -4)?
-1
What is (0 - (3 - 5) - 1) + -6?
-5
Calculate (11 - 11) + 10 + -10.
0
Evaluate 3 - (6 + -3 + 4).
-4
What is -2 + -1 - (-4 + 10 - 9)?
0
What is -5 - (-8 - (9 - 8))?
4
14 - -1 - (-8 + 16)
7
Calculate (-30 - -23) + 10 + (2 - 0).
5
Calculate (2 - 7 - (3 - 3)) + 6.
1
Calculate 0 + -4 + 1 + 4.
1
1 + -4 + 2 + 7 + -2
4
What is the value of 4 + -6 - (3 + -3 + -3)?
1
Evaluate -2 + (2 - (3 + -6)).
3
What is 6 + (-8 - (-8 + 2))?
4
Evaluate 7 + 2 + -12 - -1 - -2.
0
What is 5 - 0 - (1 - -1)?
3
Calculate (2 - 1) + (-4 - -1) + -3.
-5
What is 6 + -4 + (6 - 0) + -10?
-2
Calculate -4 - ((-6 - -6) + -6).
2
3 - ((-2 - 1 - -6) + 1)
-1
What is (20 - 19) + (-2 - 1)?
-2
1 - (3 + -2 + 0) - -2
2
Calculate -4 + 2 - (-1 + -6) - 2.
3
Calculate -77 + 83 + (-1 - 1).
4
What is the value of 6 - 2 - 1 - (-1 + -1)?
5
(-1 - -6) + -9 + 6
2
Evaluate 1 - -1 - (23 - (15 - -3)).
-3
What is the value of (-2 - (-1 + -2)) + -8 - -3?
-4
(1 - 2) + -5 + -18 + 15
-9
0 - (7 - (5 - (-12 - -6)))
4
Evaluate -3 + (-5 - -2 - -7) + -3.
-2
What is the value of 6 + 2 + -1 + (4 - 8)?
3
Calculate 1 + -1 + 3 + -20 + 12.
-5
What is -3 - -8 - (8 - 4)?
1
What is -22 + (11 - (1 - 3))?
-9
What is 0 - (2 - 6 - -1)?
3
Calculate 6 + -1 + -12 - (0 + -14).
7
Evaluate (-2 - 4) + -14 + 18.
-2
Evaluate 7 + -8 + -4 + 3.
-2
What is 7 + -6 + 3 + (-6 - -8)?
6
What is 0 + (7 - (9 - -4))?
-6
What is the value of (-1 - 2) + -23 + 29?
3
Evaluate -4 - ((-8 - -4) + 1 + 0).
-1
What is the value of -4 - (19 + -12 + -10)?
-1
Calculate (-16 - -8) + 8 - -6.
6
What is the value of (-16 - -17) + -1 + 0 + 2?
2
-8 + 13 + -8 + (-2 - -2)
-3
Calculate 11 + -1 + -1 + -4.
5
(-3 - -3) + -4 + 2 + 8
6
Calculate (-7 - 4 - -6) + 6.
1
What is the value of -5 + (-10 - -5) + 12 + -10?
-8
0 + 4 + 33 + -38
-1
What is the value of 11 - (14 - 6) - -4?
7
0 + (-5 - -5) - -3
3
What is the value of 23 + -28 - (-4 - -1)?
-2
13 - 12 - (6 + -1)
-4
What is (2 + -2 - 1 - -14) + -5?
8
Calculate (6 - -9) + -5 - 9.
1
What is -6 + 0 + (-2 + -1 - -4)?
-5
What is the value of 3 + -1 - (-4 - -3)?
3
What is the value of -4 + 9 + (2 - -4 - 16)?
-5
What is 4 + (2 - 8) - -2?
0
What is the value of -26 + 32 + -3 + -1?
2
Calculate -6 + (-7 - (4 - (-5 + 12))).
-10
What is 2 + 2 - (-3 - -3)?
4
Evaluate -4 - (0 + 0 - (10 + -6)).
0
(6 - 3) + (-3 - 2)
-2
Evaluate 3 + -4 - (-1 - -4).
-4
Evaluate (1 - -1 - -1) + (-3 - -1).
1
What is (0 - 1) + 1 - -2 - -3?
5
What is 7 - ((-3 - 0) + (10 - 5))?
5
Evaluate -3 + 0 + (-4 - -5) + 4.
2
What is the value of -4 + (4 + -2 + 3 - -6)?
7
Calculate -2 + 5 - (-54 + 62).
-5
What is the value of (-1 - -19) + -6 - 7?
5
Evaluate 2 + (-5 - (0 - 7)).
4
What is 4 + (4 + 4 - -2 - 7)?
7
What is -30 - -12 - -7 - -9?
-2
What is the value of (43 - 33) + (3 - 11)?
2
What is the value of (-12 - -6) + (11 - -2)?
7
What is the value of 4 - (8 - -2) - -1?
-5
Calculate (-9 - 0 - 7 - -6) + 1.
-9
What is the value of 4 - (13 - 10) - 2?
-1
What is -3 + 1 + 0 + -1?
-3
Calculate 3 + 7 - (1 + 16).
-7
Evaluate -6 + 3 - (-4 + 4 + 1).
-4
What is 10 - (14 - 5) - -8?
9
What is -3 + 5 + -6 + 9?
5
Calculate -12 - (-5 - -8 - 17).
2
Calculate (1 - 1) + -5 - -8.
3
Calculate -8 + 17 + (-4 - (-11 - -7)).
9
Calculate -54 + 51 - (-2 - 1).
0
Calculate -6 + 3 - (-1 + -5).
3
6 - 2 - (-12 - -23)
-7
What is the value of -4 - (-5 - 1) - (3 + 1)?
-2
Evaluate 1 - 7 - (-6 + -3).
3
Calculate (1 - 4) + (-23 - -21).
-5
Evaluate 6 + -8 + -2 + 3.
-1
What is 3 + (2 - -1) - 5 - 3?
-2
Evaluate 0 + -1 - (32 + -35).
2
What is the value of -2 + (4 - 3) - (-2 + -2)?
3
What is (-4 - (-2 - 0)) + (1 - 0)?
-1
Evaluate 1 - (-5 + 4) - 6.
-4
Evaluate 13 +